ts digit of o?
8
Let h(z) = z**3 + 27*z**2 - 27*z + 34. Let n be h(-28). Let m(j) = 15*j**2 + 8*j - 27. What is the hundreds digit of m(n)?
5
Let j be (21/9)/(2/(-66)). Let k = 290 + j. Suppose 10*a - k = 7*a. What is the units digit of a?
1
Suppose -4*b - b + 1835 = 0. Let t = 362 + b. What is the hundreds digit of t?
7
Suppose -4*b - 2*x = -5*b + 46, 3*b - 98 = -2*x. Let d be -3 + 4 + b - 4. What is the tens digit of (-3857)/(-35) - (-2 + d/15)?
1
Let i be (20 - 15)*((-743596)/(-20) - -1). What is the units digit of i/336 - (-5)/7?
4
Suppose -19*k - 10617 = -u - 16*k, -3*u + 2*k = -31837. What is the thousands digit of u?
0
Suppose 590*l - 467007 = 573*l. What is the hundreds digit of l?
4
What is the units digit of (3626/4)/((-63)/(-126))?
3
What is the hundreds digit of (2 + 47)/((-6)/(-378))?
0
Suppose 18*b - 26690 = -3398. Suppose b = 9*u - 965. What is the hundreds digit of u?
2
Suppose 47208 = -60*b + 74*b. What is the hundreds digit of b?
3
Let x(m) = 3*m**2 + 12*m. Let l(w) = 7*w**2 + 23*w + 1. Let s(c) = -4*l(c) + 9*x(c). Let d be s(16). What is the units digit of d + (-5)/((-20)/244)?
7
What is the units digit of 2 + 7 + 4926 + 11?
6
Let y be (-2 - -9)/((-4)/(-8)). Suppose y = -5*u + 89. Let i = 24 - u. What is the units digit of i?
9
Suppose -5*f - 4*u = -8, -3*f + 5*u - 12 + 2 = 0. Suppose f = z - 418 + 2. What is the units digit of z?
6
Suppose 5*m = 2*y - 13, -4*m - 12 = -2*y - 0. Let f(b) = -10*b - 7. Let g be f(m). Suppose 5*k = 2*x - 80, 78 = 2*x + x + g*k. What is the tens digit of x?
3
Suppose 1318790 = 88*u - 309034. What is the units digit of u?
8
Let r be (12 - -4)*((-15)/(-6) + -2). Suppose -372 = -r*f + 948. What is the tens digit of f?
6
Let p(r) = -2*r - 8. Let m be p(-4). Suppose 14*x - 13*x - 230 = m. Suppose 20*a = 22*a - x. What is the units digit of a?
5
What is the hundreds digit of ((-3811)/206)/(((-1)/(-3))/((-1338)/9))?
2
Suppose -397 + 361 = 3*k. What is the tens digit of 6*7/252 - 3406/k?
8
Let l(y) = -y**3 - 58*y**2 + 4*y + 270. What is the hundreds digit of l(-60)?
2
Suppose -13*j + 9*j = -1268. Let i = 429 + j. What is the hundreds digit of i?
7
Suppose 13*s - 2*x - 32227 = 10*s, -5*x = 25. What is the thousands digit of s?
0
Let j = 5130 + -2749. What is the thousands digit of j?
2
Let k be (-2 + 5)*(-49)/(-3). Let b = 1332 - 1249. Let f = b + k. What is the units digit of f?
2
Let l(i) = i**2 - 5*i - 21. Let x be l(9). What is the tens digit of x/10 - 10835/(-10)?
8
Let l(h) = 2*h**2 + 10*h - 1. Let k be l(-11). Let y = k + -261. Let j = 15 - y. What is the tens digit of j?
4
Suppose -5*x + 25 = 0, -105 = -p - 4*p - x. Suppose -4*d + 5*i = -19, 5*d + 2*i - p - 12 = 0. What is the hundreds digit of 301 + -2 - d*(-3)/(-6)?
2
Let i = 16024 + -9292. What is the hundreds digit of i?
7
Let q be (-1)/(-2*((-308)/(-152) - 2)). Let g = 21 - q. Suppose 0*h - 153 = -3*y + 4*h, -3*y + g*h + 159 = 0. What is the units digit of y?
5
Suppose 0 = -2*l + g + 314, -4*g = 10 - 2. Suppose 0*m = 5*y - m - 260, 3*y - l = -5*m. Let a = 20 + y. What is the units digit of a?
2
Let k = -774 - -777. Suppose 5*v - 3543 = -k*t, -3*v + 895 = 2*t - 1468. What is the thousands digit of t?
1
Suppose -n - 4*n = -2*h - 1, -5*n + 3*h = -4. Let k be (n + 167/5)/(6/30). Let p = k + -106. What is the tens digit of p?
5
Let b be (9/2)/(1/((-264)/(-18))). Let u = b - 66. Suppose -3*c + u = -351. What is the tens digit of c?
1
Suppose 0 = -5*p + 10*p - 1060. Suppose -p*f = -206*f - 3258. What is the units digit of f?
3
Suppose 0 = -99*b - 89*b - 62*b + 11770250. What is the ten thousands digit of b?
4
What is the units digit of (-41080)/(-316)*3297/6?
5
Suppose 14*w + 30 = 24*w. Suppose 225 = w*o + 3*g, 0 = -3*o + 36*g - 33*g + 201. What is the units digit of o?
1
Let b(u) = -9*u**2 + 4*u**3 + 3*u**2 - 12*u - 2*u**3 + 1. What is the units digit of b(6)?
5
Suppose 21*x = 28*x - 161. Suppose 12*t - x*t + 6314 = 0. What is the units digit of t?
4
Let y = -38 - 2. Let x be ((-6)/(-1))/((-8)/y). What is the units digit of 30/((-111)/x + 4)?
0
Let l = 787 + 878. What is the units digit of l - (-4)/(-6)*3 - -2?
5
Let w = 32 - 32. Suppose -4*d + 8*d - 4 = w, -2*u + 3*d + 7 = 0. Suppose 2*t + 83 = u*n - 67, 0 = -5*n - 3*t + 175. What is the units digit of n?
2
Let l be 0/(3 + (-16)/4). Let u be (4 - l)*6/3. Suppose 597 = u*a + 101. What is the tens digit of a?
6
Suppose -687*p - 11916 = -693*p. Let w = p - 840. What is the tens digit of w?
4
Suppose -5*x + 102 = k - 0*k, 0 = -2*k - 4*x + 192. Suppose -4*j = 4*g - k, 0 = -j + 4*j + g - 71. Let h = j - 18. What is the units digit of h?
6
Suppose -5*n + 12*v - 14*v = -71068, -3*v + 56853 = 4*n. What is the hundreds digit of n?
2
Let o be (-3)/(-6) + 3 + 2/4. Suppose -5*q + 1682 = o*d, 4*q - q = d + 999. Suppose 3*z + z = 5*c - q, 0 = -c - z + 65. What is the tens digit of c?
6
Let t(d) = 2*d**2 - 10*d - 56. What is the tens digit of t(18)?
1
Suppose -k - 5*y + 2*y = -9233, -4*y + 27729 = 3*k. What is the units digit of k?
1
Let t = -5047 + 8298. What is the hundreds digit of t?
2
Let x = 300 - 1415. Let k = -692 - x. What is the units digit of k?
3
Let t = -529 - -549. Let u(c) = 17*c + 45. What is the hundreds digit of u(t)?
3
Let p(g) = 13*g**2 + 26*g + 54. Let q be p(-7). Let h = -383 + q. What is the tens digit of h?
2
Let p(s) = -6*s + 6. Let d be p(-17). Suppose d = -4*w + 1384. What is the units digit of w?
9
Suppose 5*x + 5602 = 21882. Suppose 33*z = x + 7832. What is the tens digit of z?
3
Let z be (3/(-1))/(6/(-4)). Let u(r) = -297*r + 887. Let j be u(3). What is the units digit of (-3)/3 - (j + z) - -6?
7
What is the tens digit of (12/21)/(11/154) + (-10 - -84766)?
6
Suppose -i + 3*i = i. Suppose 4*y - v + 0*v = 325, i = -y - v + 85. Let a = -24 + y. What is the tens digit of a?
5
Suppose 2*f + 6 = 0, -6*j - 4*f = -10*j - 7788. What is the tens digit of 7 - 6/1 - j?
5
Suppose -5*d + 71 - 21 = 0. Suppose d*g = 13*g. Suppose g = 3*p + 3*a - 498, 2*p = 3*a - a + 320. What is the units digit of p?
3
Suppose -5*t = c - 7, 5*t = 4 + 1. Suppose c*b = -2*g + 1016, 3*g = 4*g - 4*b - 513. What is the tens digit of g?
0
Let k = 5775 + 1289. What is the thousands digit of k?
7
Suppose 2*n = -6*n + 24. Suppose -b - 3*m = -5*b + 1147, -n*b = 3*m - 834. What is the tens digit of b?
8
What is the units digit of 286/2574 - ((-15641)/9 + -2)?
0
Suppose 2*n - 91774 = -4*r, 3*n + 7*r - 14265 = 123394. What is the units digit of n?
1
Let k be 21 + 1 + 2 + -2. Let d = -341 + 435. Suppose y - k = -b, 3*b - d = -2*y - 28. What is the tens digit of b?
2
Suppose -o = -4, m = 3*o - 6*o + 12. Let a(g) be the third derivative of -g**5/60 + 239*g**3/6 - g**2. What is the units digit of a(m)?
9
Suppose 3*q - 5*n - 2 = -3, -3*q + 4*n = -4. Let z(o) = 57*o - 89. What is the hundreds digit of z(q)?
3
Let j be (-5)/(-5)*(-3 - -2) + 2753. Suppose 19*z + j = 23*z. What is the hundreds digit of z?
6
Suppose m + 2*g - 27516 = -4634, 4*m - 91517 = 3*g. What is the ten thousands digit of m?
2
Suppose 4*f + 0*f = 3*x - 23085, -2*x + 15350 = 4*f. What is the units digit of x?
7
Suppose b - 3*n = -0*b + 17, 0 = 2*b - n - 14. Suppose j + 23 = k, b*j - j - k = -104. Let q = j - -45. What is the tens digit of q?
1
Let p = 36751 + -22623. What is the ten thousands digit of p?
1
Suppose l - 3*b - 62 = -0*l, 4*b = 0. Let r = 68 - l. What is the tens digit of (-4)/(-5 - 3)*r*16?
4
Let g(x) = -2*x**3 - 34*x**2 + 23*x - 1. Let n(q) = q**3 + 17*q**2 - 11*q + 1. Let j(p) = 3*g(p) + 7*n(p). What is the units digit of j(5)?
4
Let r(w) be the third derivative of 0 + 5/3*w**3 + 14*w**2 - 1/12*w**4 + 0*w. What is the tens digit of r(-15)?
4
Suppose 5*u - 143185 = -3*c - 24782, 3*c = 2*u - 47357. Suppose 0 = 7*i + 30*i - u. What is the hundreds digit of i?
6
Let z(q) = q**3 - 29*q**2 - 33*q + 105. Let b be z(30). Suppose 0 = b*u + 6*u - 4347. What is the units digit of u?
7
Suppose 0 = -4*b + 3*b + 6. Let l be ((-2)/(-6) + 0/2)*b. What is the tens digit of (0 + 4 + 50)/l?
2
Let u(j) = j**3 + 14*j**2 + j + 19. Let i be u(-14). Suppose -225 = -3*z - i*b + 2*b, 2*z - 5*b = 178. Suppose z + 65 = 3*q. What is the units digit of q?
8
What is the hundreds digit of (-79243584)/(-1078) + ((-40)/(-44))/5?
5
Suppose u - 37802 = -3*j, -37754 = -u + 130*j - 12